 j?
5
Let l(j) = j**2 - 8*j - 4. Let g be l(8). What are the prime factors of 3*4 - (6 + g)?
2, 5
Let w = 4 + 14. List the prime factors of w.
2, 3
Let r be 2/(-4)*6/(-1). Let w(i) = -2 + 5*i**3 - 7*i**r + 4*i**2 + 4*i + i**3. List the prime factors of w(3).
19
Let g(a) = -a + 4. Suppose -n = -5*l - 3*n - 25, 0 = -5*l + 3*n. Let c(t) = -t**3 - 2*t**2 + 5*t + 2. Let i be c(l). List the prime factors of g(i).
2
Suppose t = -4, -7*s + 5*t + 250 = -2*s. What are the prime factors of s?
2, 23
Let i(r) = -r**3 + 9*r**2 - 15*r + 4. Let c = -3 + 9. What are the prime factors of i(c)?
2, 11
Let h(q) = -155*q - 20. Let g(c) = 22*c + 3. Let b(v) = -20*g(v) - 3*h(v). Let i be b(1). Let m = 35 - i. What are the prime factors of m?
2, 5
List the prime factors of (-64)/12*9/(-6).
2
Let p(j) = -2*j - 1. Let w be p(-2). Let l(s) = 6*s + 5*s - 14*s + 4*s. What are the prime factors of l(w)?
3
Suppose -2*o - 64 = -2*n, -o = 2 + 2. List the prime factors of n.
2, 7
Suppose -13 = -3*z - 4. List the prime factors of z.
3
Let j = -94 - -167. List the prime factors of j.
73
Suppose 0 = -0*p + 2*p - 5*i - 313, -5*p + 736 = 3*i. What are the prime factors of p?
149
Let o be (4/6 - 1)*-6. Suppose -2*d + o = -20. What are the prime factors of d?
11
Let z = -2 + 5. List the prime factors of (6/(-8))/(z/(-12)).
3
Let l = -225 + 259. List the prime factors of l.
2, 17
Let a = 22 + -2. What are the prime factors of a?
2, 5
Let i(y) = y**3 + 13*y**2 - 2*y - 14. List the prime factors of i(-13).
2, 3
Let q = 106 - 68. What are the prime factors of q?
2, 19
Let r = 2 + 3. Suppose 3*w + 2 = r. What are the prime factors of 27/(-6)*(-3 + w)?
3
Suppose -25 + 7 = -y. List the prime factors of y.
2, 3
Let v(j) = -7*j - 8. What are the prime factors of v(-6)?
2, 17
Suppose 3*v + 52 = 2*b + v, -4*b + 116 = -v. What are the prime factors of b?
2, 3, 5
Suppose 27 = -5*c + 5*l - 3, -2*c - l - 3 = 0. Let r be (-30)/(-4)*(-2)/c. Suppose -i = -r*i + 48. What are the prime factors of i?
2, 3
Let x = 71 - -41. What are the prime factors of x?
2, 7
Let s = 6 + -9. List the prime factors of 2 - (s - (0 + -1)).
2
Suppose -4*f = -6*f. Suppose -5*d = -j - 15, -3*d - 3*j = -f*d + 9. Suppose -d*l + 5*l = 45. What are the prime factors of l?
3, 5
Let u = 120 + -68. Suppose 5*n - u - 3 = 0. Suppose 0 = 4*f - 3*l - 15, 3*f + l = -f + n. List the prime factors of f.
3
Let l = -20 - -72. Suppose 0 = 3*n + 4*p - 86 - 2, 2*n - l = -4*p. What are the prime factors of n?
2, 3
Suppose -5*b = -b - 12. Suppose -3*d + b = -2*d. List the prime factors of (d + 1)/((-2)/(-3)).
2, 3
What are the prime factors of (174/15)/((-10)/(-25))?
29
Let h(p) = -2*p - 6. Suppose -19 = r - 2*l, 3*l + 5 + 12 = -2*r. List the prime factors of h(r).
2, 5
Let p be 2/6 - (-2)/3. Let i be (2 + (-2)/2)*-2. List the prime factors of (-12)/((p - i)/(-3)).
2, 3
Let o = 7 - -15. List the prime factors of o.
2, 11
Let v be 0/(-4 + 2 - -1). Suppose v = -0*d - 4*d + 8. List the prime factors of d.
2
Let m be (4/(-6))/((-14)/105). Suppose -5*h - 43 = -3*w, -w - m = -2*w - 3*h. List the prime factors of w.
11
Let x(w) = -w - 5. Suppose -5*j + 1 = 6. Let i = j + -10. List the prime factors of x(i).
2, 3
Let w be -2 + 39 + 1 + 0. Suppose -3*m + g - 2*g = -26, 0 = 5*m - g - w. What are the prime factors of m?
2
Let n = 21 + 312. What are the prime factors of n?
3, 37
Let o(j) = -2*j - j**2 - 4 + 5 + 6*j. Let p be o(3). Suppose 3*l = p*l - 9. What are the prime factors of l?
3
Let s = -4 - -9. Suppose 3*i - 2 = -q + s, -3 = -3*i. What are the prime factors of q?
2
Let g = 31 - -102. Suppose -5*r + g + 2 = 0. List the prime factors of r.
3
Suppose 5*v + 3 = 3*p, 0 = 2*v - 4*p - 10 - 0. Let o be ((-9)/4)/((-21)/56). List the prime factors of (-4)/o*v + 12.
2, 7
Suppose 2*o - 33 = 37. What are the prime factors of o?
5, 7
Let x = -83 - -55. Let w = x - -48. List the prime factors of w.
2, 5
Suppose -633 = -5*x + 162. List the prime factors of x.
3, 53
Suppose 776 = 4*i - t + 116, -4*t = 5*i - 846. List the prime factors of i.
2, 83
Suppose b = -b - 2*s + 212, 2*s + 400 = 4*b. What are the prime factors of b?
2, 3, 17
Suppose 4*w = -5*c + 13, c + 0*c - 11 = -5*w. Suppose 0 = -p + 5*o - 11, -2*p + w*o = -5*p + 52. What are the prime factors of p?
2, 7
Let q(k) = -1 + 4*k**2 + 4*k + 3 + 1 + 2*k**3. Let h be q(-2). List the prime factors of 1/((-6)/h - 1).
5
Suppose r = -r + 5*p + 325, 2*r - 355 = -5*p. What are the prime factors of r?
2, 5, 17
Let g = 57 - 27. What are the prime factors of g?
2, 3, 5
What are the prime factors of (-5 + 6)*-3 + 253?
2, 5
Let k be (-2)/10 - 288/(-15). Let v be (-23)/3 + 4/6. Let n = k + v. What are the prime factors of n?
2, 3
Suppose 0 = 4*j - 151 - 369. What are the prime factors of j/8 + 6/8?
17
Suppose -k + 59 = 5*l, 2*l = 2*k + 29 - 3. Suppose 3*p - l = -33. Let w = 19 + p. List the prime factors of w.
2, 3
Let n(x) = x**3 + x**2 - 2*x + 83. List the prime factors of n(0).
83
Let v(m) = m + 6. Let l be v(-4). Suppose i - l*i - 4 = -2*n, -4*i - 3*n + 6 = 0. Suppose i = -4*d - 2*g + 16, d + 1 = 2*g - 0. What are the prime factors of d?
3
Let z(m) = -8*m**3 - 2*m**2 + 2*m + 1. List the prime factors of z(-2).
53
Let w(j) = 21*j**2 + j + 1. Let m be w(-1). Suppose -3*p + 13 = n - m, -4*p + 68 = 2*n. What are the prime factors of n?
2, 17
Let k = 51 - 34. What are the prime factors of k?
17
Suppose -2*s - o + 311 = -0*s, -5*o = 2*s - 315. Suppose 3*v - s = -2*v. List the prime factors of v.
31
Let n be 8/(-36) - (-1318)/18. Let t = n + -46. List the prime factors of t.
3
Suppose -5*r + 103 = -167. Suppose -r = -5*x - 3*g + 28, x - g = 10. List the prime factors of x.
2, 7
Suppose -3*o + 5*o + 2*j = 44, o - 22 = 2*j. Let l = o + -7. What are the prime factors of l?
3, 5
Suppose 47*v - 128 = 45*v. List the prime factors of v.
2
Let x(h) = -4*h - 5*h + 2*h + 3*h - 1. List the prime factors of x(-4).
3, 5
Suppose -3*g - 3*k = -39 + 9, 3*g - 32 = -5*k. Let b be 2/(-3)*g/(-2). Suppose 0 = -2*d - 3*j - 5 + b, j = -4*d + 6. List the prime factors of d.
2
Let w(c) be the third derivative of -c**6/120 - c**5/12 - c**4/24 + 2*c**3/3 + 2*c**2. List the prime factors of w(-5).
3
List the prime factors of 9 - -1 - (-2 + 1).
11
List the prime factors of (40/(-25))/((-4)/10).
2
Let c = -12 - 37. List the prime factors of (0 - c/2)*2.
7
Let p = -41 + 80. List the prime factors of p.
3, 13
Let f(x) = 3*x - 1. Let i be f(2). Let v = -3 + i. What are the prime factors of v?
2
Let d(g) = 3*g**3 - 8*g**2 + 3. Let v be (3 - 7)/2 + 3. Let p(k) = -k**3 + k**2 + k + 1. Let m(z) = v*d(z) + 2*p(z). List the prime factors of m(6).
17
Let i(m) = m**3 + m**2 - 10*m + 4. List the prime factors of i(4).
2, 11
List the prime factors of 544/6 + 9/27.
7, 13
Let d(g) = g**2 - 7*g + 5. Let s be d(8). Let j = s + -2. Suppose 7 = 2*k - j. What are the prime factors of k?
3
What are the prime factors of 5*470/25*2?
2, 47
Suppose -716 = -4*g - 4*d, 2*d = 2*g - 2*d - 340. List the prime factors of g.
2, 11
Suppose 7 + 3 = 2*s. Suppose 0 = s*y + 18 + 12. Let d = y + 12. What are the prime factors of d?
2, 3
Suppose 2 = 2*i, p + 2*i = 7*i + 374. List the prime factors of p.
379
Let d(x) = x**3 - 6*x**2 - 5*x - 6. Let a be d(7). Let c be (-1)/((-2)/4*1). Suppose -2*m - c = -a. What are the prime factors of m?
3
Let k(u) = -u**3 + 5*u**2 + 7*u - 1. Let p be k(6). Suppose 0*l = 2*l + 5*t + 9, 0 = p*l + 2*t - 30. What are the prime factors of l?
2
Let n(r) = 8*r**2 + 2*r + 1. Suppose 4*j + 11 = 5*j - 3*f, -4*j = -f. List the prime factors of n(j).
7
Suppose 624 = 5*y + 2*o, 2*y - 5*o = 152 + 86. What are the prime factors of y?
2, 31
Suppose v = 2*k - 148 - 49, k = -5*v + 71. List the prime factors of k.
2, 3
Suppose 4*x - 36 - 12 = 0. List the prime factors of x.
2, 3
Let f = 37 - -136. List the prime factors of f.
173
Suppose 5*b - 36 + 5 = 3*j, 0 = 3*b - 5*j - 9. Let a be (50/b)/(2/8). Let v = a - 13. What are the prime factors of v?
2, 3
Let a(z) = -z**3 - 11*z**2 - 12*z - 5. Let d be (-120)/(-18)*6/(-4). What are the prime factors of a(d)?
3, 5
Let y(v) = -v + 1. Let j be y(-1). Suppose 3 - 7 = -d. Suppose 2*i = d*c + 24, 17 = -j*i - 2*i - 5*c. What are the prime factors of i?
2
Let o = -8 + 6. Let j = 7 - o. List the prime factors of j.
3
Let q = 4 + 3. Let d(